+ 5*i**2 - 14*i + 7. Calculate w(-7).
7
Let l(p) = -3*p + 5. Give l(3).
-4
Let j(f) = f**3 - 7*f**2 + 10*f - 13. Determine j(6).
11
Let l(u) = u**2 - 18*u - 12. What is l(20)?
28
Let j(s) = -s**3 + 4*s**2 + 10*s - 12. Determine j(6).
-24
Let f(l) = -2*l + 5. Give f(0).
5
Let i(f) = f**2 - 3*f - 12. Determine i(5).
-2
Let g(u) = u**2 - 8*u - 5. Give g(4).
-21
Let s(v) = -19*v**2 + v - 1. What is s(1)?
-19
Let o(u) = -27*u + 115. Give o(4).
7
Let d(p) = 2*p**3 + 17*p**2 + 12*p + 18. Calculate d(-8).
-14
Let l(z) = 2*z**2 - 9*z - 22. Give l(8).
34
Let k(o) = o**3 - 14*o**2 - 20*o + 14. Give k(15).
-61
Let o(k) = k**2 + 31*k - 96. What is o(-34)?
6
Let j(t) = 2*t**3 - 15*t**2 + 11*t - 9. Calculate j(7).
19
Let z(u) = -73*u - 576. What is z(-8)?
8
Let y(j) = j**3 + 7*j**2 + 4. Calculate y(-7).
4
Let v(n) = -n**3 + 3*n**2 + 6*n + 13. Calculate v(5).
-7
Let s(d) = 11*d + 17. Determine s(-2).
-5
Let f(h) = -3*h**2 - 16*h - 33. Give f(-3).
-12
Let k(h) = -h**3 + 10*h**2 + 10*h - 27. Determine k(10).
73
Let p(y) = -y**2 - 6*y + 7. What is p(-7)?
0
Let b(f) = 3*f**3 + 13*f**2 + 2*f. Determine b(-4).
8
Let n(d) = -d**3 - 14*d**2 + 31*d - 12. Determine n(-16).
4
Let s(i) = -i**2 + 28*i - 46. Give s(22).
86
Let m(y) = 6*y**2 + 12*y + 2. Give m(-5).
92
Let c(m) = -m**3 - 7*m**2 - 8*m - 7. What is c(-6)?
5
Let x(q) = -2*q**3 + 8*q**2 - q - 4. What is x(4)?
-8
Let s(p) = 10*p**2. Determine s(1).
10
Let o(v) = -19*v**2 - 16*v - 15. What is o(-1)?
-18
Let r(h) = -2*h**2 - 3*h - 2. What is r(-2)?
-4
Let n(r) = -r**2 - 43*r - 334. Calculate n(-33).
-4
Let m(b) = b**3 - 9*b**2 + 9*b - 7. Determine m(8).
1
Let g(z) = z**2 - 12*z - 11. Calculate g(15).
34
Let p(z) = z**3 + 3*z**2 - 6*z - 7. Give p(-4).
1
Let w(t) = 2*t**2 + 1. What is w(-1)?
3
Let g(s) = s**3 + 4*s**2 + s + 2. Determine g(-4).
-2
Let d(h) = h**2 - h - 3. Determine d(12).
129
Let m(x) = 9*x**2 + 14*x - 11. Calculate m(1).
12
Let m(z) = -2*z**2 - 15*z - 1. Determine m(-5).
24
Let l(b) = -7*b - 28. Give l(14).
-126
Let k(a) = -a**3 - 8*a**2 - 7*a + 6. Determine k(-7).
6
Let f(k) = k**2 + 8*k - 24. Determine f(-10).
-4
Let f(l) = l**3 + 4*l**2 - 3*l + 7. Determine f(-5).
-3
Let r(y) = 19*y + 1. Calculate r(-2).
-37
Let h(p) = -p**3 - 10*p**2 + 13*p - 13. What is h(-11)?
-35
Let r(x) = x**2 + x. Give r(0).
0
Let z(k) = -7*k + 2. Determine z(0).
2
Let c(h) = -2*h**2 + 19*h - 6. Give c(8).
18
Let u(s) = 3*s - 2. Determine u(1).
1
Let b(j) = j**3 - 5*j**2 - 2*j + 10. Determine b(5).
0
Let t(s) = -s**2 + 24*s - 73. Calculate t(15).
62
Let o(c) = c**3 - 4. Give o(3).
23
Let s(c) = -8*c - 5. Give s(-2).
11
Let n(y) = 28*y - 1. Determine n(2).
55
Let a(w) = -3*w**2 - 38*w + 8. Calculate a(-13).
-5
Let a(d) = 7*d**3 - 2*d**2 - d. What is a(-1)?
-8
Let z(v) = v**2 + v - 14. Determine z(-4).
-2
Let p(b) = b**3 - 6*b**2 - 5*b - 7. Determine p(7).
7
Let i(w) = -4*w**2 + 2*w - 6. Give i(2).
-18
Let c(f) = -f**3 - 11*f**2 + 12*f - 10. What is c(-12)?
-10
Let l(q) = q + 19. Give l(-9).
10
Let a(s) = 12*s + 2. What is a(-5)?
-58
Let b(t) = -2*t**2 - 17*t - 12. What is b(-8)?
-4
Let g(q) = q + 3. Give g(-10).
-7
Let o(t) = t**3 - 8*t**2 + 7*t + 4. What is o(7)?
4
Let d(p) = 5*p**2 + 2. What is d(-4)?
82
Let v(i) = i**2 + 16*i - 6. Give v(-18).
30
Let a(h) = h**3 + 10*h**2 + 10*h - 21. Determine a(-9).
-30
Let a(v) = -v**3 + 14*v**2 + 21*v - 16. Calculate a(15).
74
Let q(f) = f + 1. Determine q(-7).
-6
Let v(h) = 3*h + 15. Calculate v(-7).
-6
Let g(d) = d**3 - 10*d**2 - 15*d - 10. Calculate g(11).
-54
Let s(j) = -j + 33. Determine s(24).
9
Let z(b) = b**3 + 8*b**2 + 7*b + 4. Determine z(-7).
4
Let x(f) = 14*f**2 + 2*f + 1. Give x(-1).
13
Let g(k) = 4*k + 1. Give g(1).
5
Let j(g) = 2*g - 10. Determine j(6).
2
Let r(s) = 3*s**2 + 5*s - 1. Give r(-4).
27
Let f(v) = -v**3 + 4*v**2 + 7*v - 3. What is f(5)?
7
Let w(n) = n**3 - 9*n**2 - 9*n - 18. What is w(10)?
-8
Let f(p) = -p + 4. What is f(3)?
1
Let k(w) = -9*w + 22. What is k(4)?
-14
Let m(y) = y - 25. Give m(-11).
-36
Let u(s) = 5*s**2 - 25*s - 1. What is u(5)?
-1
Let y(o) = 7*o + 17. Give y(-7).
-32
Let z(x) = -x**2 + 3*x + 5. Calculate z(5).
-5
Let s(p) = -14*p**3 - p**2. What is s(-1)?
13
Let z(q) = -q**2 + 8*q + 24. Give z(11).
-9
Let r(x) = x**3 + 5*x**2 + x. Determine r(-3).
15
Let k(d) = d**3 + 5*d**2 + 4*d + 1. Determine k(-3).
7
Let l(i) = -i**3 - 8*i**2 + 8*i - 4. Calculate l(-8).
-68
Let a(w) = -w**3 - 5*w**2 + 5*w - 12. Calculate a(-6).
-6
Let d(s) = 2*s**2 + 16*s - 3. Calculate d(-11).
63
Let y(j) = 6*j - 3. Calculate y(3).
15
Let s(b) = b**3 + 13*b**2 - b - 5. What is s(-13)?
8
Let u(g) = -g**3 + 7*g**2 + 3*g + 24. What is u(8)?
-16
Let h(o) = o**2 + 26*o + 95. What is h(-22)?
7
Let d(v) = v**3 + 6*v**2 - v - 8. Give d(-6).
-2
Let c(b) = -10*b**2 - 69*b - 9. Determine c(-7).
-16
Let l(v) = -v**2 + 4*v - 18. Calculate l(0).
-18
Let x(m) = -m - 1. Determine x(4).
-5
Let c(r) = -r - 1. What is c(-2)?
1
Let l(w) = -w**3 - 8*w**2 + 2*w + 10. What is l(-8)?
-6
Let d(w) = -w**3 + w**2 + 2*w + 28. Determine d(0).
28
Let c(z) = -z + 10. What is c(4)?
6
Let u(f) = -f**3 - 16*f**2 + 17*f - 23. Calculate u(-17).
-23
Let y(v) = v**3 - 2*v**2 - 3*v + 40. Give y(0).
40
Let o(d) = -d**2 - 15*d + 38. Give o(-17).
4
Let a(l) = -4*l + 11. Determine a(5).
-9
Let i(m) = -35*m + 459. Give i(13).
4
Let t(y) = -20*y - 5. Calculate t(-6).
115
Let w(o) = -4*o**2 + o. What is w(-3)?
-39
Let t(r) = -r**2 + 2*r + 3. Calculate t(-2).
-5
Let t(s) = s**2 - 2*s - 6. Calculate t(4).
2
Let v(b) = 3*b + 13. Give v(-3).
4
Let g(l) = -l**2 - 6*l - 26. Calculate g(-6).
-26
Let n(f) = -12*f - 9. Give n(5).
-69
Let d(b) = 13*b + 5. Determine d(0).
5
Let s(m) = m**2 + m + 4. Determine s(0).
4
Let x(m) = m**2 - m - 4. Give x(0).
-4
Let o(g) = -g**3 + 7*g**2 - 9*g - 8. Calculate o(5).
-3
Let t(c) = -c**3 - 17*c**2 - 14*c + 28. What is t(-16)?
-4
Let j(o) = -o**3 + 5*o**2 - 7*o + 11. Determine j(4).
-1
Let j(f) = f**3 - 2*f**2 - 18*f - 27. Give j(-2).
-7
Let k(p) = 20*p - 117. What is k(6)?
3
Let l(b) = 2*b**3 + 3*b**2 + 3*b + 1. What is l(-2)?
-9
Let k(m) = 7*m + 111. Determine k(8).
167
Let q(c) = -23*c - 146. Give q(-6).
-8
Let s(g) = -7*g + 1. Determine s(-5).
36
Let a(k) = -2*k**2 + 13*k + 1. Determine a(6).
7
Let x(h) = h**3 - 18*h**2 + 15*h + 34. What is x(17)?
0
Let k(c) = 3*c + 12. Calculate k(7).
33
Let h(q) = -q**2 - 12*q - 18. Calculate h(-10).
2
Let l(v) = -v**2 + 4*v + 16. Calculate l(-3).
-5
Let n(k) = -k**3 - 2*k**2 - 2*k - 6. What is n(0)?
-6
Let q(m) = -14*m + 85. Calculate q(11).
-69
Let p(h) = -20*h + 139. Calculate p(6).
19
Let y(h) = -h**3 - 3*h**2 - h + 1. Determine y(-3).
4
Let y(g) = -4*g. Determine y(1).
-4
Let s(t) = -t**2 - 2*t + 18. Determine s(0).
18
Let t(c) = c**3 - 8*c**2 - 2*c + 15. Give t(8).
-1
Let z(y) = -y**3 + 9*y**2 - 3*y - 12. What is z(9)?
-39
Let y(h) = -h + 14. Determine y(13).
1
Let t(s) = 3*s**2 - 146*s - 69. Determine t(49).
-20
Let i(y) = -3*y**2 + 16*y + 14. Give i(6).
2
Let g(d) = d**2 - 75. Give g(-9).
6
Let k(f) = -f - 3. Give k(-4).
1
Let o(r) = 11*r**3 - 2*r**2 - 2*r + 2. Give o(1).
9
Let n(i) = 8*i + 3. Calculate n(4).
35
Let k(v) = -3*v**2 + 53*v + 28. What is k(18)?
10
Let d(j) = -j**2 + 15*j - 22. Calculate d(8).
34
Let a(h) = 26*h - 928. Calculate a(36).
8
Let y(r) = -242*r**2 + 3*r - 2. What is y(1)?
-241
Let g(c) = -c**3 + 6*c**2 - 2*c - 1. Calculate g(5).
14
Let k(t) = 3*t**3 - 4*t**2 - 4*t + 2. Give k(2).
2
Let k(x) = -3*x + 5. Determine k(2).
-1
Let w(v) = -v**3 + 24*v**2 - 44*v - 3. Calculate w(22).
-3
Let b(c) = 4*c + 7. Determine b(7).
35
Let p(c) = -c - 14. Calculate p(-12).
-2
Let t(b) = 8*b + 46. Calculate t(-5).
6
Let p(b) = -b**2 - 14*b - 12. Calculate p(-13).
1
Let r(k) = k**2 - k + 18. Calculate r(0).
18
Let k(s) = -s**3 - 5*s**2 + 3*s - 2. Give k(3).
-65
Let t(z) = -97*z + 6. Determine t(-1).
103
Let d(y) = -4*y + 142. Give d(28).
30
Let b(f) = 4*f**2 + 9*f - 5. Determine b(-6).
85
Let g(q) = -q + 11. Give g(-14).
25
Let a(i) = 5*i + 89. Calculate a(-20).
-11
Let n(q) = -q**2 - q + 87. What is n(6)?
45
Let c(d) = -d**3 - 9*d**2 - 2*d - 9. Calculate c(-9).
9
Let d(i) = 8*i**2 - 3. Calculate d(-2).
29
Let h(x) = x**2 + 5*x - 11. Give h(-10).
39
Let h(z) = -4*z + 13. What is h(5)?
-7
Let o(p) = 7*p**3 - p**2 + 2*p - 1. Determine 